 prime factors of h?
2, 3, 11
Suppose -2*b = 4*x - 6, -4*b = -3*b - x - 3. Suppose d + 10 = b*g, 5*g - 9 = 3*d + 33. Let y = d + 29. List the prime factors of y.
2, 5
Suppose -4*n = -60 + 280. Let z = 75 - n. What are the prime factors of z?
2, 5, 13
Let f be 13/2 - 10/20 - -1. List the prime factors of (8*165/70)/(1/f).
2, 3, 11
Let x be (-3 - -4 - 2)*(-1 - -4). Let q = 114 + x. What are the prime factors of q?
3, 37
Let g = 4 + 320. What are the prime factors of g?
2, 3
Suppose 5*k + 6 = o + 16, -4*k + 37 = 5*o. Suppose 4*c = 0, -4*c = -d + k + 12. Suppose -2*v + 4*i + 7 = i, d = 5*i. What are the prime factors of v?
2
Let r(d) = -22*d + 10. Let p(k) = -43*k + 19. Let h(b) = 3*p(b) - 5*r(b). Let g be h(-7). Let q = g - 100. What are the prime factors of q?
2, 5
Let v(a) = -6*a. Let t be v(2). Suppose -6*r + 95 = -235. Let n = r - t. List the prime factors of n.
67
Suppose 0 = -5*h - 3*r + 4270, 5*r - 276 = -4*h + 3153. What are the prime factors of h?
23, 37
Suppose -27*k + 43258 = -3425. What are the prime factors of k?
7, 13, 19
Let f(l) = -55*l + 2. Let y be f(-3). Let t = y - 98. What are the prime factors of t?
3, 23
Let y be (2/4)/(11/220). Let m(u) = -1 + y*u + 4*u - 5*u. List the prime factors of m(1).
2
Let m be (32/(-10))/((-4)/(-20)). Let z = m + 91. List the prime factors of z.
3, 5
Suppose 3*r - 2*r + m - 1059 = 0, -2*r + m + 2106 = 0. List the prime factors of r.
5, 211
Suppose -3*r - 3*p = -8*p - 77, 0 = 4*r + 2*p - 68. Suppose z - 21 = 3*w, 3*z - 8 = 3*w + r. List the prime factors of (-1)/2*2*w.
2, 3
Let h(v) = -15*v**3 + 2*v**2 + 1. Suppose 4*d - 3*i + 17 = 0, 0 = 4*d + i + 6 - 1. List the prime factors of h(d).
3, 43
Suppose -57*b - 25232 + 131480 = 0. What are the prime factors of b?
2, 233
What are the prime factors of (-5 - -5)/2 - -1041?
3, 347
Let k(r) = 25*r + 4. Let m = -49 - -54. List the prime factors of k(m).
3, 43
Let a be 10/(-3)*3/2. Let x be 2/(a/20*-2). Suppose 360 = x*o + 48. What are the prime factors of o?
2, 3, 13
Let c(p) be the second derivative of p**4/12 + 11*p**3/6 + 2*p**2 - 10*p. Let q be c(-12). What are the prime factors of ((-204)/q)/(6/(-32))?
2, 17
Suppose -4*q - q - 15 = 0. Suppose 3*a + 9 = -4*j, 0 = -2*a + 11 - 1. List the prime factors of (q - j)*(-16)/(-3).
2
Let o(y) = -y**3 - 25*y**2 - 6*y - 112. What are the prime factors of o(-26)?
2, 3, 5
Let t(l) = -18*l + 62*l**2 + 60*l**2 - 129*l**2 + 13 + l**3. What are the prime factors of t(11)?
13, 23
Let n be (-1)/(-3) + 2/(-6). Let u be (n + 0 + 0)/4. List the prime factors of 36 - ((2 - 1) + u).
5, 7
Suppose -21*y + 1045 + 12416 = 0. What are the prime factors of y?
641
Let w(h) = 5*h + 8. Let p be w(4). What are the prime factors of (-1)/(p/(-8) - -3)?
2
Suppose 0 = -4*n - 951 + 1151. List the prime factors of n.
2, 5
Suppose 5*d - 2*d = -4*s - 74, -s - 5*d - 10 = 0. Let p(t) = t**2 - 17*t + 25. Let o be p(14). Let f = o - s. List the prime factors of f.
3
Let z = -820 + 1197. Suppose 4*m = 3*q + 2*q + z, 3*q + 383 = 4*m. Suppose -m = -y - y. List the prime factors of y.
7
What are the prime factors of 4 - -252 - (-23 - -14)?
5, 53
Let z(w) = -w**3 - 7*w**2 + 7*w - 6. Let y be z(-8). List the prime factors of (-208)/(-65)*115/y.
2, 23
Let g(v) = -v**2 - v. Let i be 0/3 - -2 - 1. Let a(k) = -k**2 - 6*k - 8. Let s(t) = i*a(t) - 4*g(t). List the prime factors of s(4).
2
Let r(t) = -t**2 + 7*t - 11. Let g be r(7). Let b = g + 33. Suppose -5*d + j + b = 0, 5*j + 26 = d + 3*d. What are the prime factors of d?
2
Let m be ((-13)/((-52)/120))/1. Suppose 0 = -2*d + 5*d - m. What are the prime factors of d?
2, 5
Let y be (3/3)/(2 - 1). Suppose -h = -2 - 0. What are the prime factors of ((-3)/h)/(y/(-8))?
2, 3
Let z(w) = w**3 - 10*w**2 + 3*w + 6. Let b be z(8). Let h be b/(-7)*(-1)/(-2). List the prime factors of (-3 + h)*(5 + 1).
2, 3
Let a be 6/(-12) + (-7)/(-2). Suppose a*s - s = 128. Let y = -42 + s. What are the prime factors of y?
2, 11
Let m = -75 + 105. Let b = m + 36. List the prime factors of b.
2, 3, 11
Let h(o) = 2*o + 332. What are the prime factors of h(32)?
2, 3, 11
Let r(l) = l**3 + 3*l**2 + 7*l - 4. Let u(a) = a**2 + a - 1. Let h(z) = r(z) - 6*u(z). What are the prime factors of h(5)?
3, 19
Let i(r) = 3*r**2 + 19*r + 27. What are the prime factors of i(-11)?
181
Suppose -5*i + 2542 = -2908. What are the prime factors of i?
2, 5, 109
Let c(g) = g**3 - 2*g**2 + 11*g - 5. What are the prime factors of c(7)?
317
List the prime factors of 6/24 - 1451/(-4).
3, 11
What are the prime factors of 21659/33 + (-12)/(-18)?
3, 73
Suppose 5*n - 2*i = 34, -16 = -7*n + 6*n + 5*i. What are the prime factors of n/4*(-656)/(-12)?
2, 41
Suppose 4*m + 10 = 2*j - 4, -5*m = -4*j + 16. Let x(z) = -31*z - 2*z**2 + 4*z**2 + 28*z - 1. What are the prime factors of x(m)?
43
Let f(z) = 2*z**2 - 3. Let b be f(-2). Suppose -6*c + 274 = -3*c + b*v, 0 = -c - 5*v + 88. List the prime factors of c.
3, 31
Let w = -9 + -5. Suppose -v = 3 - 29. Let h = w + v. List the prime factors of h.
2, 3
Let y(m) = m**3 + 9*m**2 - 17*m + 3. Let x be y(-12). What are the prime factors of ((-27)/12)/(x/(-228) + -1)?
3, 19
Let y(f) = f**2 - 2*f + 60. Let k be (-38)/(-4 - -8 - 6). Let z = 19 - k. List the prime factors of y(z).
2, 3, 5
Let d(h) = -h**3 - 6*h**2 + 4*h - 10. Let r = 11 + -9. Suppose 4*u + 2*n + 29 = n, 5*u = -r*n - 37. List the prime factors of d(u).
11
Suppose 6*v - 2*v = 0. Suppose 2*i + 2 = v, -3*u + i - 27 = -u. Let g = u - -18. What are the prime factors of g?
2
Suppose -4*g + z - 297 = 0, 24 = -3*g - 2*z - 185. Let f be 642/9*(-3)/(-2). Let l = f + g. List the prime factors of l.
2, 17
Let v(b) = 2*b**2 - 39*b + 118. What are the prime factors of v(-28)?
2, 3, 463
Suppose 3*m - 29 = -4*t, 0 = 6*m - 2*m - 3*t + 3. Let b(q) = 71*q - 8. What are the prime factors of b(m)?
5, 41
Suppose 2*v = v + 10. Let c(x) = 10*x - 2. List the prime factors of c(v).
2, 7
Let s(t) = 327*t**2 + 20*t - 29. List the prime factors of s(2).
1319
Suppose -4*h = 4*t - 12, -2*h - 2 = -0*t + t. Suppose 6*j - 300 = j. Suppose y - j = -t. What are the prime factors of y?
2, 13
Let o be -2 - ((-18)/(-30) + 246/(-10)). Let r = o - 17. What are the prime factors of r?
5
Let n(g) = g**2 - 3*g + 8. Let y be n(8). Suppose 2*s - 184 - y = 0. Suppose -3*z - 30 = -2*o - s, -5*z + 152 = o. What are the prime factors of z?
2, 3, 5
Let d = 105 - 66. List the prime factors of d.
3, 13
Let s = 51 - 33. Suppose 6 = -z - a + s, 0 = 2*z + a - 21. List the prime factors of z.
3
Suppose 47*c = 101*c - 130842. What are the prime factors of c?
2423
Let y = 12 - 7. Suppose -5*w + 1 - 12 = -3*m, y*w = -4*m - 32. What are the prime factors of (-1 - 28/m)*3?
5
Suppose 0 = -836*j + 838*j - 580. List the prime factors of j.
2, 5, 29
Let u(p) = -p**2 - 13*p - 14. Let t be u(-12). Let k(y) = -8*y**3 - y**2 - 2*y - 4. What are the prime factors of k(t)?
2, 3, 5
Suppose 0 = -17*l - 53*l + 339290. List the prime factors of l.
37, 131
Let b(f) = 122*f**2 - 11*f - 22. What are the prime factors of b(-3)?
1109
Let b be -45*2*(-14)/21. Suppose -b = -3*w + 132. List the prime factors of w.
2
Let w(r) = -2*r**3 + 5*r**2 + 3*r - 3. Let z be w(3). List the prime factors of z/4 + (-309)/(-12).
5
What are the prime factors of -4*(-39861)/162 + 2/(-9)?
2, 3, 41
Let d be -2 + 6/(6 + -3). Suppose 3*s - 3*l - 57 = d, 3*s + 33 - 86 = 5*l. Suppose -p + 4*r + 111 = 4*p, -p + s = -2*r. List the prime factors of p.
23
What are the prime factors of 4068/8*(-8)/(-6)?
2, 3, 113
Let m(b) = -b**2 - 12*b + 4. Let l be m(-12). Suppose 12 = -z - 2*k + 89, 2*k + 278 = l*z. List the prime factors of z.
71
Let t(q) = q**2 + 2*q - 3. Let b(i) = i**3 - 3*i**2 - 6*i + 4. Suppose -2*u + 4*u - 8 = 0. Let w be b(u). List the prime factors of t(w).
5
Suppose -13613 = 13*y - 18*y + 2*k, -2*y + k + 5446 = 0. What are the prime factors of y?
3, 907
Suppose 0 = -2*k + 5*z + 1135, -2*k + 1126 = 4*z - 0*z. What are the prime factors of k?
5, 113
Let d = 652 + -99. What are the prime factors of d?
7, 79
Let y(g) = 7 + 18*g**2 - 16*g**2 - 5*g - 5*g. Let q be y(6). Let r = q + -6. What are the prime factors of r?
13
Let u(l) = -l**3 + 6*l**2 - 9*l + 6. Let f be u(4). Suppose -209 = -2*h - 0*h - 5*m, f*h - 239 = 5*m. What are the prime factors of h?
2, 7
Let j = -71 - 